s + 21. Let n be y(6). Let f = n + 8. What is the remainder when 95 is divided by f?
25
Calculate the remainder when 1930 is divided by -1 + 26 + ((-49)/7 - -3).
19
Let j(b) = -b**3 + 23*b**2 + 3*b + 29. Suppose 0*s + 36 = -2*s - 4*o, -35 = 5*s - o. What is the remainder when j(23) is divided by 2 + 21 - (s + 5)?
20
Let n be ((-4)/10)/(1*1/(-5)). Suppose s + b + 4 = n*b, 0 = 3*b. Let y = 13 + s. Calculate the remainder when 59 is divided by y.
5
Suppose -6*q + 4*q = -60. Let c = 272 + -96. Calculate the remainder when q is divided by c/16 - 18/(-3).
13
Let l(n) = -n**3 + 41*n**2 + 2*n - 37. Calculate the remainder when 6974 is divided by l(41).
44
Let i(k) be the second derivative of k**4/12 - 7*k**3/6 + 11*k**2 + 2*k + 6. Suppose -650 = -c - 4*c. Calculate the remainder when c is divided by i(7).
20
Suppose a + 2*c - 726 = 0, 35 + 677 = a + 4*c. What is the remainder when a is divided by 197?
149
Suppose 0 = -5*n - 20, -r - 22*n + 24*n = -32. Calculate the remainder when 977 is divided by r.
17
Suppose 0 = 4*i - 4*f - 312, 41*i - 159 = 39*i + 3*f. Calculate the remainder when 642 is divided by i.
42
Suppose -22 = -3*z + s, -2*s - 3*s + 10 = 0. Suppose -184 - 275 = -3*q. Let m = 154 - q. Calculate the remainder when z is divided by m.
0
Suppose -7*m = -8*m. Suppose -3*q - 682 - 74 = m. Let s = q - -386. Calculate the remainder when s is divided by 46.
42
Suppose -32*x = -17*x - 300. What is the remainder when 113 is divided by x?
13
Let o(z) = 3*z**2 - 18*z**2 + 12*z**2 - 16*z + 5*z**2 + 22. Let r be o(11). Let b = -75 + r. Calculate the remainder when 51 is divided by b.
12
What is the remainder when ((-8)/(-6))/(2032/361188) is divided by 856/36 - 2/(-9)?
21
Let u(p) = 5*p - 20. Let k be u(4). Let w be (-1)/(-2)*1876/14. Suppose 5*h - 4*f - w = 0, k*f - 5*f + 10 = 0. What is the remainder when h is divided by 9?
6
Suppose -51*i - 5*i + 119426 = -7862. What is the remainder when i is divided by 2266?
7
Let v(s) = -3*s**2 - 3*s + 6. Let u be v(0). Calculate the remainder when 71 is divided by u/(-18) + (-218)/(-6).
35
Let y = 154 - 154. Suppose y = 35*n - 29*n - 90. What is the remainder when 132 is divided by n?
12
Suppose -18*t = -26 - 28. Let u = t + 70. Calculate the remainder when u is divided by (-4)/(-4) + (35 - -1).
36
Let u = 22 + -11. Suppose 3*s = -4*z + 1211, -s = 5*z + 3*s - 1513. Let v = z - 252. Calculate the remainder when v is divided by u.
9
Let u = 293 - 259. What is the remainder when 1562 is divided by u?
32
Suppose -625 - 149 = -86*y. Suppose -i = 2*j - 281, 4*j - 2*i - 572 = 10. What is the remainder when j is divided by y?
8
Suppose 7 - 17 = -5*j. Calculate the remainder when 1590/265 - (2/15 + (2888/(-60) - -1)) is divided by j.
1
Suppose -1 = 4*t - 9. Suppose l + 338 = 6*l + 4*h, -3*l + 194 = -t*h. Suppose 5*r - 8*r + l = 0. What is the remainder when 86 is divided by r?
20
Calculate the remainder when 858 is divided by ((-530)/25)/((-77)/330 + 1/(-6)).
10
Let k = -342 - -349. Calculate the remainder when 489 is divided by k.
6
Calculate the remainder when 2724 + (-14 - (-9 + 3)) is divided by 151.
149
Suppose -16 - 99 = -20*g + 85. Let x = -10 + 63. Suppose -3*y + 145 = h, -y + x - 6 = -h. Calculate the remainder when y is divided by g.
8
Suppose -3*y + 5*p + 25 = 0, 4*y - 19*p - 10 = -24*p. Suppose -4*v - y*h + 137 = 0, 17 = v - 2*h - 1. What is the remainder when 130 is divided by v?
18
Suppose 695*t - 692*t = -2*r + 3126, 3*t + r - 3126 = 0. Calculate the remainder when t is divided by 336.
34
Let c = 31 + -29. Let b be (-55)/(-165)*(-4 + (c - 1)). Let p = b + 13. What is the remainder when 46 is divided by p?
10
Let h = 6419 - 1536. Suppose -35*k = 1978 - h. Calculate the remainder when k is divided by 12.
11
Let b(u) = 18*u**2 - 23*u + 146. Calculate the remainder when b(5) is divided by 27.
22
Suppose 6*z = 11*z - 90. What is the remainder when z/90 + 319/5 is divided by 33?
31
Suppose 2*n = w + 3*w - 12, 5*w = -4*n + 2. Suppose w*r + 24 = 2*o + r, 3*o + 3*r = 27. Calculate the remainder when 160 is divided by o.
6
Let c(g) = g**3 - 6*g**2 - 7*g + 34. Let r = 168 + -160. Calculate the remainder when c(r) is divided by 55.
51
Let r(t) = t - 5. Let s be r(8). Suppose 4*i = 2*m + 666, s*i - 255 = 5*m + 234. What is the remainder when i is divided by 44?
36
Let n(d) be the first derivative of d**3/3 + 25*d**2/2 - 61*d - 57. Calculate the remainder when 42 is divided by n(-28).
19
Suppose 7*f + 305 = 2*i - 966, 3*f - 1920 = -3*i. What is the remainder when i is divided by 207?
18
Let x = -4 - -25. Let i = -130 - -130. Suppose -26*v + 3312 - 608 = i. Calculate the remainder when v is divided by x.
20
Suppose -5*r - 40 = -4*a + 110, 5*r - a + 150 = 0. Let q = r + 53. What is the remainder when 411 is divided by q?
20
Let r = -188 + -229. Let x = -387 - r. What is the remainder when 56 is divided by x?
26
Let z(c) = 423*c**2 + 54*c - 18. What is the remainder when z(1) is divided by 104?
43
Let t(q) = 254*q - 17479. Suppose 0 = 3*m - 38 - 37. Calculate the remainder when t(69) is divided by m.
22
Suppose -33*a - 5*r = -36*a + 673, -5*a + 1095 = 5*r. Calculate the remainder when 449 is divided by a.
7
What is the remainder when (-3 - -775) + (-8 - -15) + -8 is divided by 75?
21
Let i = 112 - -2. Suppose 0 = 4*j - 4*s + i - 270, -5*s = -3*j + 109. What is the remainder when 125 is divided by j?
39
Let h be (-204)/(-2) - (-25)/(-25). Let k = 121 - h. What is the remainder when 67 is divided by k?
7
Let g(z) = -6*z + 2. Let y = -20520 - -20952. Calculate the remainder when y is divided by g(-2).
12
Suppose 5*k = -4*b + 21, -2*k + 3*k = 1. Let z be (-45)/(-36)*29 + (-1)/b. Calculate the remainder when 167 is divided by 102/4*3*16/z.
31
Suppose -29 = 3*b + 5*v, -4*v + 13 = -2*b - v. Let j(u) = 2*u**2 + 5*u - 74. What is the remainder when j(b) is divided by 7?
0
Suppose -3*x - x + 236 = 0. Let t = -35 + x. Let b(d) = -d + 36. Calculate the remainder when t is divided by b(22).
10
Suppose 21*n - 3327 = 474. Calculate the remainder when 894 is divided by n.
170
Let n be (14/6)/(1/18). Suppose -3*r - 4*d - 65 = 0, -25 = 2*r + d + 15. Let l = r + n. What is the remainder when 66 is divided by l?
20
Let g = -3715 - -3975. Calculate the remainder when 810 is divided by g.
30
Suppose t - 42*o + 45*o + 6 = 0, 2*t = 5*o + 87. What is the remainder when 1025 is divided by t?
17
Let j(d) = d**3 + 14*d**2 + 43*d + 459. What is the remainder when 259 is divided by j(-13)?
52
Suppose -2*u = -3*u + 5. Suppose u*t - 139 = -14. Let m(h) = -58*h - 17. What is the remainder when m(-2) is divided by t?
24
Suppose -1015 = -3*k - 4*w, 116*w = 4*k + 120*w - 1352. What is the remainder when k is divided by 20?
17
Let b be 0/((8 - 2) + -4). Suppose 2*k + 4*i = -k + 45, -3*k + i + 60 = b. Let t = 111 + -58. What is the remainder when t is divided by k?
15
Suppose 454 = 66*d - 1394. Calculate the remainder when (-428)/(-7) + 3/(-20 - 1) is divided by d.
5
Let d = -44 + 68. Let f be (-9)/3 + (3 - -119). Calculate the remainder when f - (-2)/4*0 is divided by d.
23
What is the remainder when 262 is divided by (-1 + 3/2)/(71/17750)?
12
Let z = 11130 - 10272. What is the remainder when z is divided by 40?
18
Let v(l) = 6*l**3 - 4*l**2 + 12*l + 11. Calculate the remainder when 135 is divided by v(2).
1
Suppose 4*a = 58*q - 56*q + 14, -3*q - 18 = -5*a. What is the remainder when 95 is divided by (-19 - -20)*(-4 - q - -28)?
20
Let n(i) = 16*i**2 + 4*i + 3. Let g be n(-1). Suppose 0 = -m - 3*t - g + 56, -3*m + 178 = -2*t. Let v = 116 - m. What is the remainder when v is divided by 25?
10
Suppose -25*b - 1285 = -30*b. Let z = -154 + b. What is the remainder when z is divided by 54?
49
Let d(h) = 6*h**2 + 2*h - 1. Suppose -5*g + 3*i - 4 = 0, -2*g + 16*i - 1 = 15*i. Calculate the remainder when 319 is divided by d(g).
4
Let n(m) = 3*m**2 - 14*m + 10. Suppose 0 = -2*v - 2*v + 44. What is the remainder when n(v) is divided by 49 + 0 + -44 + 39?
43
Let r(j) = 7*j**3 - 7*j**2 - 6*j + 13. Let d(f) = -9*f**3 + 8*f**2 + 6*f - 11. Let y(k) = 3*d(k) + 4*r(k). What is the remainder when y(6) is divided by 15?
10
Suppose 0 = -4*z - 5*x + 72, -47 - 53 = -4*z + 2*x. Calculate the remainder when 54 is divided by z.
8
Suppose 3*c + 7 + 1 = 2*n, 2*n = -10. Suppose 2*q + 12